{"id":235,"date":"2019-07-29T23:42:40","date_gmt":"2019-07-30T02:42:40","guid":{"rendered":"https:\/\/agenciaout.com.br\/job\/singularis\/?page_id=235"},"modified":"2023-02-23T12:18:11","modified_gmt":"2023-02-23T15:18:11","slug":"cursos-e-outras-atividades","status":"publish","type":"page","link":"http:\/\/clinicasingularis.com.br\/?page_id=235","title":{"rendered":"Media\u00e7\u00e3o de Conflitos"},"content":{"rendered":"\n<h2 class=\"wp-block-heading\"><\/h2>\n\n\n\n<p>A media\u00e7\u00e3o prop\u00f5e um novo paradigma para a resolu\u00e7\u00e3o de conflitos ao acolher a complexidade das rela\u00e7\u00f5es, da comunica\u00e7\u00e3o e da constru\u00e7\u00e3o de sentidos.&nbsp;<\/p>\n\n\n\n<p>Neste processo, o reconhecimento da conviv\u00eancia na diversidade alia-se a uma escuta aberta e comprometida com a participa\u00e7\u00e3o das partes envolvidas,\u00a0sem favoritismos ou ju\u00edzos. Por meio do di\u00e1logo \u00e9 poss\u00edvel a compreens\u00e3o, resolu\u00e7\u00e3o e transforma\u00e7\u00e3o dos conflitos,\u00a0que pode levar a constru\u00e7\u00e3o de um acordo proveitoso para as partes.<\/p>\n\n\n\n<p><\/p>\n","protected":false},"excerpt":{"rendered":"<p><span class=\"excerpt-hellip\"> [\u2026]<\/span><\/p>\n","protected":false},"author":1,"featured_media":0,"parent":14,"menu_order":0,"comment_status":"closed","ping_status":"closed","template":"","meta":[],"_links":{"self":[{"href":"http:\/\/clinicasingularis.com.br\/index.php?rest_route=\/wp\/v2\/pages\/235"}],"collection":[{"href":"http:\/\/clinicasingularis.com.br\/index.php?rest_route=\/wp\/v2\/pages"}],"about":[{"href":"http:\/\/clinicasingularis.com.br\/index.php?rest_route=\/wp\/v2\/types\/page"}],"author":[{"embeddable":true,"href":"http:\/\/clinicasingularis.com.br\/index.php?rest_route=\/wp\/v2\/users\/1"}],"replies":[{"embeddable":true,"href":"http:\/\/clinicasingularis.com.br\/index.php?rest_route=%2Fwp%2Fv2%2Fcomments&post=235"}],"version-history":[{"count":4,"href":"http:\/\/clinicasingularis.com.br\/index.php?rest_route=\/wp\/v2\/pages\/235\/revisions"}],"predecessor-version":[{"id":283,"href":"http:\/\/clinicasingularis.com.br\/index.php?rest_route=\/wp\/v2\/pages\/235\/revisions\/283"}],"up":[{"embeddable":true,"href":"http:\/\/clinicasingularis.com.br\/index.php?rest_route=\/wp\/v2\/pages\/14"}],"wp:attachment":[{"href":"http:\/\/clinicasingularis.com.br\/index.php?rest_route=%2Fwp%2Fv2%2Fmedia&parent=235"}],"curies":[{"name":"wp","href":"https:\/\/api.w.org\/{rel}","templated":true}]}}